65 + -64. Let t be 1/3*b*(-3516)/(-4). Let f = t + 824. Is f a composite number?
False
Let o(g) = 3*g + 183*g**2 - 18*g + 11*g - 2. Suppose 3*p - 22 = -25. Is o(p) prime?
False
Let d(y) be the first derivative of 1294*y**2 - 51*y + 39. Is d(4) composite?
False
Let w be (-28 + 0)/(-5 - -3). Is 7 - (-7)/(w/8620) a composite number?
True
Let l be (-330)/(-6) - (2 + 1*-1). Let r(g) = 108 + 101*g**2 + 2*g - l - 53. Is r(2) a composite number?
False
Let y = 721598 + -314329. Is y composite?
True
Suppose 10*d + 18*k = 6*d + 21748, -27185 = -5*d - k. Is d a prime number?
True
Let k(l) = 151*l**2 + 26*l - 5. Let g be k(-6). Is (-17)/(-68) + g/4 prime?
True
Suppose -1076306 = -105*b + 239029. Is b a composite number?
False
Suppose 0*n + 2*v = -5*n + 93, n = v + 13. Suppose 8*r - n = 39. Let h(l) = 35*l**2 + 11*l + 7. Is h(r) composite?
True
Let o(k) = -11*k**3 + 3*k + 2. Let a be o(-1). Suppose 2*q + 8 = a*q. Is q/(4/(-10))*376/(-20) a prime number?
True
Let t(q) = -6*q + 8. Let s be t(1). Suppose a = 3*y + 2339, s*y + 1942 = a - 395. Is a composite?
False
Let x = -94 - -99. Suppose c + 8*k = 5*k + 790, 0 = -x*c - 4*k + 3939. Is c prime?
True
Let a(i) = i**2 - 22*i + 133. Let k be a(12). Let u be (1 - 16)/(2/(-8)). Suppose u = -k*d + 17*d. Is d prime?
False
Suppose -28713404 = -11*d - 26*d + 12107105. Is d composite?
False
Suppose -4378 = -2*b + 1158. Let w = -825 + b. Is w composite?
True
Suppose 5*u + 6*a - 366967 = 4*a, -2*u = a - 146787. Is u composite?
True
Suppose -3*w + 6 = -3. Suppose -2*o = -10*y + 15*y - 17202, -w*y + 5*o + 10346 = 0. Is y a composite number?
True
Let h(p) = 352*p - 333. Is h(22) a prime number?
True
Suppose -11078687 = -5*j + 2*p, -7*p + 17725886 = 8*j - 8*p. Is j prime?
False
Let x(k) = -9*k + 83. Let y be x(12). Let v = 2382 - y. Is v composite?
True
Suppose 15 = a - 6. Let w = -39 + a. Is (-12192)/w - (-3)/(-9) a composite number?
False
Let o(p) = 12*p**3 - 16*p**2 + 13*p - 6. Let q be o(10). Suppose 2*b = -10*b + q. Is b a prime number?
True
Suppose 0 = -3*t - 3*p + 11358, 28 = -506*p + 502*p. Is t prime?
True
Let l(v) be the third derivative of v**6/120 + 113*v**3/6 + 2*v**2. Let k(c) = -c**3 - 15*c**2 - 13*c + 14. Let x be k(-14). Is l(x) a prime number?
True
Suppose s + 64415 = 6*s + 5*a, -5*a - 38697 = -3*s. Is s composite?
False
Suppose 0 = -3*m + 10 - 22, 3*s + 4*m - 128573 = 0. Is s a composite number?
False
Let s(o) = 177*o - 49. Let w be s(20). Suppose -3*k - 16*y + 17*y = -w, 0 = 5*k + 2*y - 5811. Is k prime?
True
Suppose -5*y + 17*d = 19*d - 963605, 0 = y + 4*d - 192739. Is y prime?
False
Let s be (-244)/(-6)*(-2037)/14. Let f = s + 2503. Is ((-1)/(-3))/(-1 + f/(-3411)) prime?
True
Suppose 0 = i - 2*p - 0 + 1, 4*i + 3*p - 18 = 0. Is i/(0 - (-3)/127) a prime number?
True
Let w(q) = -12*q**3 - 51*q**2 + 32*q + 71. Let r(z) = 7*z**3 + 25*z**2 - 16*z - 35. Let d(s) = 5*r(s) + 3*w(s). Is d(-29) composite?
True
Suppose o - 4*p = 6, 4*o - 4*p + 4 = 8*o. Let t be o/(4/30*3). Suppose -2*m = 2*b + 2*b - 5598, -t*m = -5. Is b a composite number?
False
Let y(x) be the second derivative of x**7/180 + x**6/720 - x**5/60 - x**4/3 + 7*x. Let l(m) be the third derivative of y(m). Is l(1) a prime number?
True
Suppose -4*z + 2248 = 5*n, -z - 555 = -2*z - 3*n. Let i = 5102 - z. Is i prime?
False
Suppose -9*m - 2700255 + 13350901 + 3962357 = 0. Is m prime?
True
Let b = 18629 + -12598. Let a(q) = -531*q + 14. Let o be a(8). Let h = b + o. Is h a prime number?
False
Suppose -18*p + 5*s - 269604 = -22*p, 0 = 5*s + 20. Is p composite?
True
Let l be (-3)/(15/(-35)) + -1. Let t(d) = 202*d + 50. Let f(b) = -67*b - 17. Let y(u) = 11*f(u) + 4*t(u). Is y(l) a composite number?
False
Let n(c) = c**2 - 12*c - 10. Suppose -5*r = -4*t - 72, -2*t = -4*r + t + 57. Let u be n(r). Is ((-56256)/20)/(-6) - 2/u a composite number?
True
Let i be ((-83)/4)/((-4)/64). Let n(k) = -9*k - i - 20*k + 330. Is n(-7) a prime number?
False
Let h = 63 + -36. Suppose h + 27 = -g. Is (-12)/g + (-277)/(-9) a prime number?
True
Suppose -3*c + 37722 + 21063 = 0. Suppose 0 = 5*a + c + 2705. Is a/15*3/(-2) composite?
True
Let d be (412/(-10))/(34/(-85)). Suppose -99*m - 24 = -d*m. Is m/(-36) - 1075/(-6) composite?
False
Suppose -485 = 2*t + 393. Let x = t - -22. Let b = x + 3260. Is b a prime number?
True
Let s = 672 - 686. Is (-1455024)/(-168) - 2/s composite?
True
Suppose -21*b = -3*b - 87498. Is b a composite number?
False
Let i be 0 + -1 + -3 + 4. Suppose -3*j - 6*m + 7*m = 0, -j - 4*m + 13 = i. Is (0 + 2699)*j/((-5)/(-5)) a prime number?
True
Is (215090/30)/(((-32)/256)/(3/(-8))) composite?
True
Let q = 3160 + -1593. Is q/(-6)*3*-4 a prime number?
False
Suppose -28*s + 33*s = 51800. Suppose 5*w - 1725 = s. Is w a composite number?
False
Suppose -4*f - 5 = -229. Is (786/(-8))/(7/(f/(-6))) a composite number?
False
Let j = 1581 + 464. Let w(o) = -o + 8. Let g be w(8). Suppose 5*b + g*b = j. Is b a composite number?
False
Suppose 9*n + 12*n = -9*n + 9312690. Is n composite?
False
Let u be 0/(16/18 - 150/(-1350)). Let h(w) = 5*w**2 - 2*w - 9590. Let j(f) = -11*f**2 + 4*f + 19181. Let s(b) = -7*h(b) - 3*j(b). Is s(u) a prime number?
True
Suppose -39 = -5*h - 5*q + 2821, -4*h + 2285 = q. Let v = h - 104. Is v prime?
True
Let r(n) = n**2 - 2*n - 8. Let z be r(-2). Let v be -1*(z/1 - 19). Suppose 15*a = v*a - 988. Is a a composite number?
True
Is (1178/(-62))/((-2)/56926) a composite number?
True
Let l(q) = -q**2 + 13*q - 17. Suppose -26 + 125 = 9*z. Let n be l(z). Suppose 0 = 3*g - 12, n*g = -v + 208 + 1613. Is v a prime number?
True
Let h be 53/636 + (-14375)/(-12). Let i = 1845 - h. Is i a composite number?
False
Let w(s) = 17*s**2 - 51*s + 5439. Is w(-85) a composite number?
True
Suppose -5*i + 9*v + 2407040 = 10*v, 2*i = -v + 962813. Is i a composite number?
False
Let j(x) = 2*x**3 - 10*x**2 - 6*x + 10. Let r be j(-8). Let q = r - -5435. Is q a composite number?
True
Let l(r) = -r**3 + 2 - 4 - 33*r - 2*r**2 + 36*r. Let z be l(1). Is (0 + 1)/((4/(-374))/z) prime?
False
Suppose 2*g - 131328 = -2*z, -5*z + 9*z + 3*g - 262651 = 0. Suppose -8*k = -19*k + z. Is k prime?
False
Is ((-271180)/7 - 6)/(18 + -20) prime?
True
Suppose -10*s = -9*s - 4, 5*s = z + 16. Suppose 4*f - 87 = i + z*i, 50 = 2*f + 4*i. Is f a composite number?
False
Suppose -27*u - 58295 = -1794422. Is u prime?
True
Let n(l) = -3258*l + 2 + 2 - 2921*l + 821*l - 5. Is n(-17) composite?
True
Let h = 119967 - 34428. Suppose 22*i - h = 19*i. Is i composite?
False
Let x(w) = -2*w**3 + 49*w**2 + 23*w + 61. Let v be x(25). Suppose 0 = -v*c + 2378 + 10503. Is c a prime number?
True
Let a(k) = -k**3 + 12*k**2 + 13*k + 5. Let r be a(13). Suppose -5*d + 43 = -r*m + 2*m, -3*d = -5*m - 13. Suppose -2*g - 4491 = -d*g. Is g composite?
False
Suppose t - 9 = -4*v - 0, -2*t = -5*v - 5. Suppose -q - 125 = -4*l - 1367, -6226 = -t*q + 4*l. Let y = q - 705. Is y a composite number?
False
Let b = -26252 + 46879. Is b composite?
False
Suppose 14 = -6*a + 2. Let f be a*6/8 + 21/6. Is 6054/(-6)*(f + -3)/1 composite?
False
Let h = 33 + -87. Let m = h - -59. Suppose -m*f = -2*n - 285 + 2118, 3*n - 5*f = 2752. Is n prime?
True
Suppose 0 = 4*n - 4*j - 308212, -97777 = -2*n + 4*j + 56321. Is n a prime number?
False
Suppose 432 = -2*v - 88. Suppose -6*g + 1285 + 437 = 0. Let z = g - v. Is z a composite number?
False
Let v(k) = 84*k**2 - 3*k - 2318. Is v(39) a prime number?
True
Let n = -1563 + 1560. Let t(c) = 76*c**3 - 2*c**2 - 3. Let q(f) = -152*f**3 + 5*f**2 - f + 5. Let o(i) = -4*q(i) - 9*t(i). Is o(n) composite?
False
Let x = -11551 + 26514. Is x composite?
True
Let m = 45 + -63. Let f be ((-495)/m)/(1/(-36)). Let o = -659 - f. Is o a prime number?
True
Let d = -444939 + 638866. Is d prime?
False
Let r = 247 + -243. Suppose 5*w - 18596 = -r*t, 2*w - 23245 = -5*t + 3*w. Is t prime?
True
Let a(p) = -4*p**2 + 4*p - 10. Let v be a(8). Suppose -195*w + 196*w - m = 2386, 3*w - 7160 = m. Let x = v + w. Is x a prime number?
True
Let y(c) = -443*c - 40. Let r = -47 + 35. Let a be y(r). Suppose s = -3*s + a. Is s a prime number?
True
Let s(r) = 821*r + 1410. Is s(59) a composite number?
True
Let t be (-24)/48 + -2 + 61/2. Let g(m) = 55*m - 221. Is g(t) a composite number?
False
Let d(g) = 209*g + 1741. Is d(80) composite?
False
Suppose -4*t